 Suppose d*w - 1 = -9, 0 = 5*l + 5*w + 10. What is the units digit of l?
2
Suppose 0 = 3*o - o - 8. Suppose f + 0*z - 2*z = 44, 0 = -2*f - 2*z + 76. Suppose f = 9*q - o*q. What is the units digit of q?
8
Suppose 7*q - 2*q = 0. Suppose -40 = -q*v - 2*v. What is the units digit of v?
0
Suppose 5*k + 3*h - 222 = 0, -k + 6*k - h - 206 = 0. What is the tens digit of k?
4
Let d(r) = r**2 - 2*r - 13. What is the units digit of d(-7)?
0
Let s(h) = -5*h**3 - h**2 - 2*h - 1. Let p be s(-1). Suppose -p*w + 0*u = 3*u - 27, -2*w + 18 = 3*u. Suppose -7*k = -w*k - 44. What is the tens digit of k?
1
Let s(u) = -u**2 + 17*u + 36. What is the units digit of s(13)?
8
Let t(k) = -2*k**3 - 3*k**2 + 7*k. What is the tens digit of t(-4)?
5
Suppose -3*d = -5*d + 12. Let f(w) = -w**2 - 9*w + d + 2*w - w. What is the units digit of f(-8)?
6
Suppose 4*o - 3*t + 8 = 3*o, -2*o = 2*t. What is the units digit of (-3)/(7/o + 2)?
2
Let q be -1 - -3 - 0/(-4). Suppose 0 = -0*h + q*h - 2. Let u = 2 - h. What is the units digit of u?
1
Suppose 2*y = -o + 2*o - 5, -4*o = 5*y - 20. Suppose -2*u + 6*u = -0*u. Suppose -2*g + g = 3*k - 18, u = o*g + 3*k - 66. What is the tens digit of g?
1
Let j(r) = r - 12. Let z be j(6). Let g be 2/z + (-364)/6. What is the units digit of g/(-9) - 8/(-36)?
7
Suppose -g + 220 = 3*g + 3*n, 55 = g + 4*n. Let m = g + -25. What is the tens digit of m?
3
Suppose -22 - 11 = -l. Suppose -2*u + u - 43 = 5*i, 4*u - i = -88. Let b = u + l. What is the units digit of b?
0
Let b = 1202 + -813. What is the hundreds digit of b?
3
Let k(l) = 5*l**3 + 2*l**2 - 2*l + 3. Let z be k(2). Suppose -s + 0*s + z = 3*p, -4*p + 36 = -4*s. What is the tens digit of p?
1
Let f(o) = 6*o + 0*o**2 + o**3 - 7*o + 1 + 8*o**2. What is the units digit of f(-7)?
7
Suppose 6*v - v = 50. Suppose 0 = s + 5*y + v, -2*s + 4*y = 3*s - 95. What is the tens digit of s?
1
Let h(j) = -j**2 - 9*j - 6. Let s be h(-8). Suppose a + 4*c = -0*a + s, a - 29 = 5*c. What is the tens digit of a?
1
Suppose 45 - 13 = u. Let l = u + -18. What is the units digit of l?
4
Let j = 278 + -113. What is the hundreds digit of j?
1
Suppose -7 = -3*t + 59. What is the units digit of (-45)/10*t/(-3)?
3
Let m(y) = 2*y + 6. Let l be m(12). What is the tens digit of l + 4/((-8)/(-6))?
3
Let n = 127 - 64. What is the tens digit of n?
6
Let k(q) = 3*q**3 - q**2 + 5*q - 7. What is the units digit of k(3)?
0
Let o = -601 + 865. What is the hundreds digit of o?
2
Suppose 4*v + 21 = -7. Let w = v - -22. What is the tens digit of w?
1
Let j be 2/6 - 158/6. Suppose 0 = 7*v + 91. Let w = v - j. What is the units digit of w?
3
Let c = 2 - 0. Suppose 2 = c*d + 32. Let w = 29 + d. What is the tens digit of w?
1
Let k(o) = o + 1. Let a be k(2). What is the units digit of 4/(-6) - (-41)/a?
3
Let x(b) = -b**2 + 9*b - 2. Let l be x(6). What is the units digit of (2/(-2))/((-2)/l)?
8
Suppose -z + 6 = 5*o - 6, z = 4*o - 6. Let v(s) be the third derivative of -s**4/24 + s**3/2 + 2*s**2. What is the units digit of v(o)?
1
Let y(v) = 2*v**2 + 12*v + 26. What is the tens digit of y(-6)?
2
Suppose 2*s = 4*s - 6. Let r(o) = -5*o**3 - 5*o - 4 - 1 + 7*o**2 + 4*o**s. What is the units digit of r(6)?
1
Suppose 0 = -2*v + 7*v - 360. What is the units digit of v?
2
Let a(i) = -9*i**3 + i + 1. Suppose -5*p - 9 + 4 = 0. What is the units digit of a(p)?
9
Let v(c) = -6*c**2 + c + 7. Let i(u) = -3*u**2 + u + 4. Let m(t) = 5*i(t) - 3*v(t). What is the units digit of m(1)?
4
Let l(x) = -5*x + 25. What is the tens digit of l(-8)?
6
Let l be ((-3)/(-6))/((-1)/(-6)). Let f = l - 2. Let y = 2 - f. What is the units digit of y?
1
Suppose -1 + 10 = -3*c, 2*v = -2*c. Suppose -s - 11 = -v. Let z(m) = -m - 1. What is the units digit of z(s)?
7
Let w(o) = -o**3 + 4*o**2 - 2*o - 1. Let p be w(2). Let j = 9 - p. Let t = j - 4. What is the units digit of t?
2
Let s(n) = -3*n**3 + n**2 + 2*n + 1. Let r be s(-1). Suppose k + 1 = r. Suppose 0*t = k*t - 6. What is the units digit of t?
3
Suppose 2*p - 72 = -2*p. Let k = p - 5. What is the units digit of k?
3
Suppose 2*t + 10 = -0*t. Let r = -3 - t. Suppose -r*q + 24 = 2*q. What is the units digit of q?
6
Let u be -3*(-2 + (-2)/(-2)). Let j = 7 + u. What is the units digit of j?
0
Let s = -20 - -38. What is the tens digit of s?
1
Suppose 0*p - p + 2 = -k, 0 = -2*p + 4*k + 4. Suppose -20 = -3*z - p*z, 2*t - 4*z = 0. What is the units digit of t?
8
Suppose -2*a = -2*p + 8, 4*p - 18 = 4*a - 2*a. What is the units digit of ((-32)/p)/((-28)/70)?
6
Let x = -5 - -7. Suppose -12*z - 3 = -11*z. What is the tens digit of x/z - (-38)/3?
1
Let b = 10 + -10. Suppose b = 4*g + g - 5. What is the units digit of g?
1
Let z = 5 + -1. Suppose 0 = -4*o - 8, 48 - 10 = z*c + o. What is the units digit of c?
0
Let a = 166 + -64. What is the units digit of a?
2
Let b be (-27)/(-5) - 2/5. Suppose -g = 2*i - 0*g - 32, -3*g + 82 = b*i. What is the units digit of i?
4
Let g = 60 + -29. What is the tens digit of g?
3
Suppose 5*f = -d + 90, -55 = -5*f + 5*d + 5. Suppose -5*w - 4*j - 3 = -f, -8 = -2*w - j. What is the units digit of w?
6
Let q(u) = u**3 + u**2 + 4. Let v be q(0). Suppose -5*n - 2*s = -17, v*s - 13 - 6 = -5*n. Let o = 7 - n. What is the units digit of o?
4
Let g be 0/3 - (2 - 3). Suppose -3*m + 6*m - 5*f = 18, -m - g = -4*f. What is the tens digit of m?
1
Suppose -n + 23 = 4*n + a, 5*n - 33 = 4*a. Suppose 4*s + 1 = 3*b, -2*b + n*b = -2*s + 13. What is the units digit of b?
3
Suppose 5*s - 4*w - w + 405 = 0, -w = -4*s - 318. What is the tens digit of 8/12 - s/3?
2
Let m(w) = w**3 + 14*w**2 - 14*w + 16. What is the units digit of m(-15)?
1
Suppose -8 = j + 4*q + 7, -5*q = -j + 21. Let l be 44/16 - j/(-4). Suppose l*y = -2*d + 4, d = y - 5*y - 8. What is the units digit of d?
8
Suppose -y - y + 14 = 0. Let f = y - 6. What is the units digit of f?
1
Let d(i) = -3*i**3 - i**2 - 2. Let l be d(2). What is the units digit of (-215)/l + 1/(-6)?
7
Let h(b) = -b**3 - 8*b**2 - 4*b + 6. Let r be h(-9). Suppose 5*a = -r - 2. Let p = a - -37. What is the tens digit of p?
1
Let j = -124 - -320. What is the units digit of j?
6
Let s(d) = -48 + 9*d + 25 + 19. What is the tens digit of s(6)?
5
Let l(b) = -b + 27. What is the units digit of l(15)?
2
Let n(v) = 4*v - 9. What is the tens digit of n(9)?
2
Let c be (0/(-6))/(1 - 0). Suppose -24 = -k - c*k. What is the units digit of k?
4
Let y = -29 + 54. What is the tens digit of y?
2
Suppose -s = y - 2*s - 7, -5*y - 3*s = 5. Suppose -6*w - 36 = -y*i - 3*w, 0 = 5*i - 4*w - 76. What is the units digit of i?
2
Suppose -3*w + 4*w - 112 = 0. What is the units digit of w?
2
Suppose 5*n - 33 = -3*a - 12, -4*a + 17 = 3*n. Let b = a - -5. What is the units digit of b?
7
Let i(h) be the third derivative of -5*h**4/24 - 2*h**2. Let o be i(-1). Suppose 3*q = 12, 0*a + 12 = -a + o*q. What is the units digit of a?
8
Let d(g) = g**3 - 10*g**2 - 12*g + 14. Let h be d(11). Suppose -15 + 93 = 3*o - h*p, -o + 17 = -4*p. What is the tens digit of o?
2
Let q(t) = 8*t + 4. Let l be q(5). Suppose -2*m - l = -3*m. Suppose 4*g + 8 = k - 2*k, 5*k = g + m. What is the units digit of k?
8
Let j(t) = -t + 5. Let g be j(-7). Let x be (10/(-8))/((-3)/g). Suppose 5*l + 3*m - 41 = l, -m = x*l - 54. What is the tens digit of l?
1
Let g = -2 - -1. What is the tens digit of (g - 38/(-10))*10?
2
Suppose 0 = 3*j + 5*q - 30, 5*j + 4*q - 34 = q. Suppose -j*k = -4*k. Suppose -2*b + 5 + 1 = k. What is the units digit of b?
3
Suppose 3*s = -2*d - 0*d + 124, s = 2*d + 36. What is the units digit of s?
0
Suppose -4*j + 11 = -9. Suppose 0 = j*t - 4*r - 62, -t - 4*t + 2*r = -66. What is the units digit of t?
4
Suppose -4*w - 6 = 2. What is the units digit of w/(3 - 1) - -8?
7
Let m = -22 + 10. Let a be (0 - -5)*m/30. What is the units digit of (5 + -3)*a/(-4)?
1
Let x(h) = h**2 - h + 2. Let r be x(2). Suppose 2*m + m = 0, 0 = -z + r*m + 2. What is the units digit of 8/(z/1) + 1?
5
Let h(z) = z**2 + 3*z - 2. Let q be h(-4). Suppose 2*s - 2*w + 6 = 0, s + 2*w = -q*s + 11. Suppose -b + 8 = -s. What is the units digit of b?
9
Let f = -14 + 26. Suppose -3*a + f = a. Suppose 3*y + 3*v - 6 = 0, a*v + 29 = 4*y - 0*v. What is the units digit of y?
5
Let c = 37 - 15. What is the tens digit of c?
2
Let b(a) = -12*a - 12. Let t be b(-8). Let c be ((-2)/(-4) + 0)*